{"id":2188,"date":"2017-08-29T10:55:24","date_gmt":"2017-08-29T09:55:24","guid":{"rendered":"http:\/\/caniskol.fr\/?page_id=2188"},"modified":"2026-03-30T13:50:50","modified_gmt":"2026-03-30T12:50:50","slug":"permis-detention-chiens-de-categorie-1-et-2-attestation-aptitude","status":"publish","type":"page","link":"http:\/\/caniskol.fr\/index.php\/permis-detention-chiens-de-categorie-1-et-2-attestation-aptitude\/","title":{"rendered":"Permis d\u00e9tention chien de cat\u00e9gorie 1 et 2"},"content":{"rendered":"<h3 style=\"text-align: center;\">99Caniskol est habilit\u00e9 par la pr\u00e9fecture d&rsquo;Ille et Vilaine (35) et du Morbihan (56) \u00e0 dispenser la formation pour l&rsquo;obtention de l&rsquo;attestation d&rsquo;aptitude pour les ma\u00eetres de chiens de cat\u00e9gorie 1 et 2 et de chiens mordeurs.<\/h3>\n<h2 style=\"text-align: center;\"><a href=\"http:\/\/caniskol.fr\/wp-content\/uploads\/2017\/08\/Capture-d\u2019\u00e9cran-2017-08-26-\u00e0-13.53.10.png\" target=\"_blank\" rel=\"noopener\"><img loading=\"lazy\" class=\"wp-image-2190 size-full alignleft\" src=\"http:\/\/caniskol.fr\/wp-content\/uploads\/2017\/08\/Capture-d\u2019\u00e9cran-2017-08-26-\u00e0-13.53.10.png\" alt=\"Capture d\u2019\u00e9cran 2017-08-26 \u00e0 13.53.10\" width=\"2036\" height=\"1011\" srcset=\"http:\/\/caniskol.fr\/wp-content\/uploads\/2017\/08\/Capture-d\u2019\u00e9cran-2017-08-26-\u00e0-13.53.10.png 2036w, http:\/\/caniskol.fr\/wp-content\/uploads\/2017\/08\/Capture-d\u2019\u00e9cran-2017-08-26-\u00e0-13.53.10-300x149.png 300w, http:\/\/caniskol.fr\/wp-content\/uploads\/2017\/08\/Capture-d\u2019\u00e9cran-2017-08-26-\u00e0-13.53.10-768x381.png 768w, http:\/\/caniskol.fr\/wp-content\/uploads\/2017\/08\/Capture-d\u2019\u00e9cran-2017-08-26-\u00e0-13.53.10-1024x508.png 1024w\" sizes=\"(max-width: 2036px) 100vw, 2036px\" \/><\/a><\/h2>\n<p style=\"text-align: center;\"><strong>Nous dispensons la formation un dimanche, tous les deux mois.<\/strong><br \/>\n<strong> Horaire: 9h-16h \u00e0 Maure de Bretagne \/ Val d&rsquo;Anast (35330) ou \u00e0 Guer (56380)<\/strong><br \/>\n<strong> Tarif 99\u20ac\/personne + 50\u20ac pour un second membre du foyer\u00a0<\/strong><br \/>\n<strong> Possibilit\u00e9 pour un couple de propri\u00e9taires de chien d&rsquo;obtenir tous deux l&rsquo;attestation pour 149\u20ac (et non pas 200\u20ac) s&rsquo;ils suivent la formation le m\u00eame jour et sous justificatif de domicile \u00e0 la m\u00eame adresse. Valable pour un \u00ab\u00a0enfant\u00a0\u00bb majeur du foyer \u00e9galement.<\/strong><\/p>\n<p style=\"text-align: center;\"><span style=\"text-decoration: underline;\">Prochaine formation :<\/span><br \/>\n<b>Dimanche 31 mai 2026<\/b><\/p>\n<p style=\"text-align: center;\"><span style=\"text-decoration: underline;\">D\u00e9livrance de l&rsquo;attestation d&rsquo;aptitude \u00e0 l&rsquo;issue de la journ\u00e9e.<\/span><br \/>\nLe nombre de place \u00e9tant limit\u00e9, n&rsquo;h\u00e9sitez pas \u00e0 m&rsquo;\u00e9crire ou m&rsquo;appeler pour recevoir le formulaire d&rsquo;inscription par mail et\/ou si besoin d&rsquo;informations suppl\u00e9mentaires.<br \/>\nMail: caniskolbzh@gmail.com ou T\u00e9l: 06 66 46 33 62<\/p>\n<p style=\"text-align: center;\">NB: Vous \u00eates dans l&rsquo;obligation de passer cette format<span class=\"text_exposed_show\">ion avant l&rsquo;arriv\u00e9e de votre chiot\/chien de cat\u00e9gorie et sur demande du maire pour les chiens mordeurs.<br \/>\n<\/span><\/p>\n<p><a href=\"http:\/\/caniskol.fr\/wp-content\/uploads\/2017\/08\/Sans-nom-1-document-r\u00e9par\u00e9.png\" target=\"_blank\" rel=\"noopener\"><img loading=\"lazy\" class=\"aligncenter wp-image-2207 size-full\" src=\"http:\/\/caniskol.fr\/wp-content\/uploads\/2017\/08\/Sans-nom-1-document-r\u00e9par\u00e9.png\" alt=\"Sans nom 1 (document r\u00e9par\u00e9)\" width=\"480\" height=\"499\" srcset=\"http:\/\/caniskol.fr\/wp-content\/uploads\/2017\/08\/Sans-nom-1-document-r\u00e9par\u00e9.png 480w, http:\/\/caniskol.fr\/wp-content\/uploads\/2017\/08\/Sans-nom-1-document-r\u00e9par\u00e9-289x300.png 289w\" sizes=\"(max-width: 480px) 100vw, 480px\" \/><\/a><\/p>\n<p style=\"text-align: left;\"><strong><span class=\"text_exposed_show\">Le contenu de la journ\u00e9e de formation vis\u00e9e \u00e0 l&rsquo;article R. 211-5-3 du code rural est le suivant :<\/span><\/strong><\/p>\n<p>I. Rappel des objectifs et des enjeux :<br \/>\nExposer le changement apport\u00e9 par la loi du 20 juin 2008 susvis\u00e9e;<br \/>\nLaisser s&rsquo;exprimer les stagiaires sur ce th\u00e8me et sur les raisons qui les ont motiv\u00e9s pour l&rsquo;acquisition d&rsquo;un tel chien;<br \/>\nResponsabiliser les propri\u00e9taires de chiens en les informant sur leurs devoirs;<br \/>\nInformer sur la pr\u00e9vention comme seule m\u00e9thode pour pr\u00e9venir les risques d&rsquo;agression;<br \/>\nPr\u00e9senter le milieu professionnel et associatif relatif aux chiens et \u00e0 la relation entre le ma\u00eetre et le chien (v\u00e9t\u00e9rinaires, \u00e9ducateurs, professionnels de la vente et de l&rsquo;\u00e9levage, moniteurs de club&#8230;).<\/p>\n<p>II. Connaissances sur le chien et la relation entre le ma\u00eetre et le chien :<br \/>\nExpliquer les caract\u00e9ristiques du chien, pr\u00e9dateur carnivore vivant en groupe;<br \/>\nInformer sur l&rsquo;origine des diff\u00e9rents types de chiens, notamment ceux concern\u00e9s par la loi du 20 juin 2008 susvis\u00e9e;<br \/>\nPr\u00e9senter les principales caract\u00e9ristiques du d\u00e9veloppement comportemental;<br \/>\nExpliquer les particularit\u00e9s d&rsquo;une communication entre le chien et l&rsquo;homme;<br \/>\nExpliquer les bases des m\u00e9canismes des apprentissages du chien par conditionnement et autres m\u00e9thodes;<br \/>\nExpliquer la n\u00e9cessit\u00e9 d&rsquo;\u00e9duquer le chien par le biais de ces apprentissages pour l&rsquo;harmonie de la relation entre le ma\u00eetre et le chien dans tous les contextes de la vie priv\u00e9e et publique.<\/p>\n<p>III. Pr\u00e9senter les diff\u00e9rentes origines des comportements agressifs (relationnelle, d\u00e9veloppementale ou m\u00e9dicale);<br \/>\nPr\u00e9venir les comportements agressifs;<br \/>\nExpliquer l&rsquo;importance du choix du chiot;<br \/>\nExpliquer le comportement \u00e0 tenir en cas d&rsquo;agression (les interlocuteurs, la prise en charge du chien agressif).<\/p>\n<p>IV. Faire des d\u00e9monstrations et des mises en situation d&rsquo;apprentissage des bonnes pratiques :<br \/>\nLa marche au pied en laisse;<br \/>\nLes ordres de base;<br \/>\nLa mise en place et la d\u00e9pose de la museli\u00e8re;<br \/>\nLes techniques sp\u00e9cifiques lors des rencontres avec des inconnus et\/ou des cong\u00e9n\u00e8res;<br \/>\nLes techniques sp\u00e9cifiques dans des situations de la vie urbaine, notamment la position assise devant les passages prot\u00e9g\u00e9s, position tranquille dans un lieu public.<\/p>\n<p style=\"text-align: justify;\">\n","protected":false},"excerpt":{"rendered":"<p>99Caniskol est habilit\u00e9 par la pr\u00e9fecture d&rsquo;Ille et Vilaine (35) et du Morbihan (56) \u00e0 dispenser la formation pour l&rsquo;obtention de l&rsquo;attestation d&rsquo;aptitude pour les ma\u00eetres de chiens de cat\u00e9gorie 1 et 2 et de chiens mordeurs. Nous dispensons la formation un dimanche, tous les deux mois. Horaire: 9h-16h \u00e0 Maure de Bretagne \/ Val&#8230; <\/p>\n<div class=\"read-more\"><a href=\"http:\/\/caniskol.fr\/index.php\/permis-detention-chiens-de-categorie-1-et-2-attestation-aptitude\/\">Lire la suite<\/a><\/div>\n","protected":false},"author":1,"featured_media":0,"parent":0,"menu_order":9,"comment_status":"closed","ping_status":"closed","template":"","meta":[],"_links":{"self":[{"href":"http:\/\/caniskol.fr\/index.php\/wp-json\/wp\/v2\/pages\/2188"}],"collection":[{"href":"http:\/\/caniskol.fr\/index.php\/wp-json\/wp\/v2\/pages"}],"about":[{"href":"http:\/\/caniskol.fr\/index.php\/wp-json\/wp\/v2\/types\/page"}],"author":[{"embeddable":true,"href":"http:\/\/caniskol.fr\/index.php\/wp-json\/wp\/v2\/users\/1"}],"replies":[{"embeddable":true,"href":"http:\/\/caniskol.fr\/index.php\/wp-json\/wp\/v2\/comments?post=2188"}],"version-history":[{"count":55,"href":"http:\/\/caniskol.fr\/index.php\/wp-json\/wp\/v2\/pages\/2188\/revisions"}],"predecessor-version":[{"id":5130,"href":"http:\/\/caniskol.fr\/index.php\/wp-json\/wp\/v2\/pages\/2188\/revisions\/5130"}],"wp:attachment":[{"href":"http:\/\/caniskol.fr\/index.php\/wp-json\/wp\/v2\/media?parent=2188"}],"curies":[{"name":"wp","href":"https:\/\/api.w.org\/{rel}","templated":true}]}}

Permis détention chien de catégorie 1 et 2

<h3 style="text-align: center;">99Caniskol est habilité par la préfecture d&rsquo;Ille et Vilaine (35) et du Morbihan (56) à dispenser la formation pour l&rsquo;obtention de l&rsquo;attestation d&rsquo;aptitude pour les maîtres de chiens de catégorie 1 et 2 et de chiens mordeurs.</h3>
<h2 style="text-align: center;"><a href="http://caniskol.fr/wp-content/uploads/2017/08/Capture-d’écran-2017-08-26-à-13.53.10.png" target="_blank" rel="noopener"><img loading="lazy" class="wp-image-2190 size-full alignleft" src="http://caniskol.fr/wp-content/uploads/2017/08/Capture-d’écran-2017-08-26-à-13.53.10.png" alt="Capture d’écran 2017-08-26 à 13.53.10" width="2036" height="1011" srcset="http://caniskol.fr/wp-content/uploads/2017/08/Capture-d’écran-2017-08-26-à-13.53.10.png 2036w, http://caniskol.fr/wp-content/uploads/2017/08/Capture-d’écran-2017-08-26-à-13.53.10-300x149.png 300w, http://caniskol.fr/wp-content/uploads/2017/08/Capture-d’écran-2017-08-26-à-13.53.10-768x381.png 768w, http://caniskol.fr/wp-content/uploads/2017/08/Capture-d’écran-2017-08-26-à-13.53.10-1024x508.png 1024w" sizes="(max-width: 2036px) 100vw, 2036px" /></a></h2>
<p style="text-align: center;"><strong>Nous dispensons la formation un dimanche, tous les deux mois.</strong><br />
<strong> Horaire: 9h-16h à Maure de Bretagne / Val d&rsquo;Anast (35330) ou à Guer (56380)</strong><br />
<strong> Tarif 99€/personne + 50€ pour un second membre du foyer </strong><br />
<strong> Possibilité pour un couple de propriétaires de chien d&rsquo;obtenir tous deux l&rsquo;attestation pour 149€ (et non pas 200€) s&rsquo;ils suivent la formation le même jour et sous justificatif de domicile à la même adresse. Valable pour un « enfant » majeur du foyer également.</strong></p>
<p style="text-align: center;"><span style="text-decoration: underline;">Prochaine formation :</span><br />
<b>Dimanche 31 mai 2026</b></p>
<p style="text-align: center;"><span style="text-decoration: underline;">Délivrance de l&rsquo;attestation d&rsquo;aptitude à l&rsquo;issue de la journée.</span><br />
Le nombre de place étant limité, n&rsquo;hésitez pas à m&rsquo;écrire ou m&rsquo;appeler pour recevoir le formulaire d&rsquo;inscription par mail et/ou si besoin d&rsquo;informations supplémentaires.<br />
Mail: caniskolbzh@gmail.com ou Tél: 06 66 46 33 62</p>
<p style="text-align: center;">NB: Vous êtes dans l&rsquo;obligation de passer cette format<span class="text_exposed_show">ion avant l&rsquo;arrivée de votre chiot/chien de catégorie et sur demande du maire pour les chiens mordeurs.<br />
</span></p>
<p><a href="http://caniskol.fr/wp-content/uploads/2017/08/Sans-nom-1-document-réparé.png" target="_blank" rel="noopener"><img loading="lazy" class="aligncenter wp-image-2207 size-full" src="http://caniskol.fr/wp-content/uploads/2017/08/Sans-nom-1-document-réparé.png" alt="Sans nom 1 (document réparé)" width="480" height="499" srcset="http://caniskol.fr/wp-content/uploads/2017/08/Sans-nom-1-document-réparé.png 480w, http://caniskol.fr/wp-content/uploads/2017/08/Sans-nom-1-document-réparé-289x300.png 289w" sizes="(max-width: 480px) 100vw, 480px" /></a></p>
<p style="text-align: left;"><strong><span class="text_exposed_show">Le contenu de la journée de formation visée à l&rsquo;article R. 211-5-3 du code rural est le suivant :</span></strong></p>
<p>I. Rappel des objectifs et des enjeux :<br />
Exposer le changement apporté par la loi du 20 juin 2008 susvisée;<br />
Laisser s&rsquo;exprimer les stagiaires sur ce thème et sur les raisons qui les ont motivés pour l&rsquo;acquisition d&rsquo;un tel chien;<br />
Responsabiliser les propriétaires de chiens en les informant sur leurs devoirs;<br />
Informer sur la prévention comme seule méthode pour prévenir les risques d&rsquo;agression;<br />
Présenter le milieu professionnel et associatif relatif aux chiens et à la relation entre le maître et le chien (vétérinaires, éducateurs, professionnels de la vente et de l&rsquo;élevage, moniteurs de club&#8230;).</p>
<p>II. Connaissances sur le chien et la relation entre le maître et le chien :<br />
Expliquer les caractéristiques du chien, prédateur carnivore vivant en groupe;<br />
Informer sur l&rsquo;origine des différents types de chiens, notamment ceux concernés par la loi du 20 juin 2008 susvisée;<br />
Présenter les principales caractéristiques du développement comportemental;<br />
Expliquer les particularités d&rsquo;une communication entre le chien et l&rsquo;homme;<br />
Expliquer les bases des mécanismes des apprentissages du chien par conditionnement et autres méthodes;<br />
Expliquer la nécessité d&rsquo;éduquer le chien par le biais de ces apprentissages pour l&rsquo;harmonie de la relation entre le maître et le chien dans tous les contextes de la vie privée et publique.</p>
<p>III. Présenter les différentes origines des comportements agressifs (relationnelle, développementale ou médicale);<br />
Prévenir les comportements agressifs;<br />
Expliquer l&rsquo;importance du choix du chiot;<br />
Expliquer le comportement à tenir en cas d&rsquo;agression (les interlocuteurs, la prise en charge du chien agressif).</p>
<p>IV. Faire des démonstrations et des mises en situation d&rsquo;apprentissage des bonnes pratiques :<br />
La marche au pied en laisse;<br />
Les ordres de base;<br />
La mise en place et la dépose de la muselière;<br />
Les techniques spécifiques lors des rencontres avec des inconnus et/ou des congénères;<br />
Les techniques spécifiques dans des situations de la vie urbaine, notamment la position assise devant les passages protégés, position tranquille dans un lieu public.</p>
<p style="text-align: justify;">

<p>99Caniskol est habilité par la préfecture d&rsquo;Ille et Vilaine (35) et du Morbihan (56) à dispenser la formation pour l&rsquo;obtention de l&rsquo;attestation d&rsquo;aptitude pour les maîtres de chiens de catégorie 1 et 2 et de chiens mordeurs. Nous dispensons la formation un dimanche, tous les deux mois. Horaire: 9h-16h à Maure de Bretagne / Val&#8230; </p>
<div class="read-more"><a href="http://caniskol.fr/index.php/permis-detention-chiens-de-categorie-1-et-2-attestation-aptitude/">Lire la suite</a></div>
