{"id":33,"date":"2016-07-12T18:38:35","date_gmt":"2016-07-12T17:38:35","guid":{"rendered":"http:\/\/caniskol.fr\/?page_id=33"},"modified":"2026-03-30T13:51:23","modified_gmt":"2026-03-30T12:51:23","slug":"contact","status":"publish","type":"page","link":"http:\/\/caniskol.fr\/index.php\/contact\/","title":{"rendered":"Contact"},"content":{"rendered":"<p style=\"text-align: center;\"><span style=\"color: #000000;\">Cani&rsquo;Skol se situe \u00e0 Maure de Bretagne \/ Val d&rsquo;Anast (35330), \u00e0 la fronti\u00e8re entre l&rsquo;Ille et Vilaine (35) et le Morbihan (56).&nbsp; <\/span><span style=\"color: #000000;\">Je me d\u00e9place gratuitement dans un rayon de 10 kms autour du centre d&rsquo;\u00e9ducation. Frais kilom\u00e9triques de 0,60cts\/km au del\u00e0.<\/span><\/p>\n<p style=\"text-align: center;\">Horaires d&rsquo;ouvertures : le lundi, mardi et vendredi de 8h45 \u00e0 18h, le samedi et dimanche de 8h45 \u00e0 12h<br>Pension canine ouvert 7\/7j<\/p>\n\n\n<div class=\"wp-block-media-text alignwide is-stacked-on-mobile is-image-fill\" style=\"grid-template-columns:74% auto\"><figure class=\"wp-block-media-text__media\" style=\"background-image:url(http:\/\/caniskol.fr\/wp-content\/uploads\/2016\/07\/localisation-google-maps-caniskol-1-1024x587.png);background-position:49% 56.99999999999999%\"><img loading=\"lazy\" width=\"1024\" height=\"587\" src=\"http:\/\/caniskol.fr\/wp-content\/uploads\/2016\/07\/localisation-google-maps-caniskol-1-1024x587.png\" alt=\"\" class=\"wp-image-2472 size-large\" srcset=\"http:\/\/caniskol.fr\/wp-content\/uploads\/2016\/07\/localisation-google-maps-caniskol-1-1024x587.png 1024w, http:\/\/caniskol.fr\/wp-content\/uploads\/2016\/07\/localisation-google-maps-caniskol-1-300x172.png 300w, http:\/\/caniskol.fr\/wp-content\/uploads\/2016\/07\/localisation-google-maps-caniskol-1-768x440.png 768w\" sizes=\"(max-width: 1024px) 100vw, 1024px\" \/><\/figure><div class=\"wp-block-media-text__content\">\n<p><em>Trouvez Cani&rsquo;Skol en cliquant sur ce lien: <\/em><\/p>\n\n\n\n<p><strong><em><a rel=\"noreferrer noopener\" href=\"https:\/\/www.google.com\/maps\/place\/Cani\u2019Skol\/@47.8761176,-2.0326583,17z\/data=!3m1!4b1!4m5!3m4!1s0x480fa0fc8c102501:0x167a3e75948d0386!8m2!3d47.8761176!4d-2.0304696\" target=\"_blank\">Google Maps<\/a><\/em>  <\/strong><\/p>\n\n\n\n<p><strong>Cani&rsquo;Skol<\/strong><br><strong>La Lande du Prohet<br>35330 Maure de Bretagne&nbsp; \/ Val d&rsquo;Anast<br>06.66.46.33.62<\/strong><br><strong><a rel=\"noreferrer noopener\" href=\"mailto:caniskolbzh@gmail.com\" target=\"_blank\">caniskolbzh@gmail.com<\/a><\/strong><\/p>\n<\/div><\/div>\n\n\n\n<p>Mon secteur couvre des communes comme Carentoir, Guer, La Gacilly, Monteneuf, Porcaro, Tr\u00e9al, Saint Malo de Beignon, La\u00a0Chapelle\u00a0Bouexic, Loh\u00e9ac, Baulon, Pl\u00e9lan le grand, Sixt sur Aff, Pipriac, Guipry Messac, Bruc sur Aff, Lieuron, Saint Just, Gl\u00e9nac, Guignen\u2026<br>Mes prestations ont lieu \u00e0 domicile, sur mon terrain \u00e0 Maure de Bretagne\u00a0et\/ou en ext\u00e9rieurs et lieux publics selon vos besoins. Frais kilom\u00e9triques \u00e0 0,60cts\/km AR.<\/p>\n\n\n\n<div class=\"wp-block-image\"><figure class=\"aligncenter size-medium\"><img loading=\"lazy\" width=\"300\" height=\"300\" src=\"http:\/\/caniskol.fr\/wp-content\/uploads\/2021\/10\/167372848_2182437301891689_301207101119513104_n-300x300.jpg\" alt=\"\" class=\"wp-image-3559\" srcset=\"http:\/\/caniskol.fr\/wp-content\/uploads\/2021\/10\/167372848_2182437301891689_301207101119513104_n-300x300.jpg 300w, http:\/\/caniskol.fr\/wp-content\/uploads\/2021\/10\/167372848_2182437301891689_301207101119513104_n-1024x1024.jpg 1024w, http:\/\/caniskol.fr\/wp-content\/uploads\/2021\/10\/167372848_2182437301891689_301207101119513104_n-150x150.jpg 150w, http:\/\/caniskol.fr\/wp-content\/uploads\/2021\/10\/167372848_2182437301891689_301207101119513104_n-768x768.jpg 768w, http:\/\/caniskol.fr\/wp-content\/uploads\/2021\/10\/167372848_2182437301891689_301207101119513104_n-260x260.jpg 260w, http:\/\/caniskol.fr\/wp-content\/uploads\/2021\/10\/167372848_2182437301891689_301207101119513104_n.jpg 1440w\" sizes=\"(max-width: 300px) 100vw, 300px\" \/><\/figure><\/div>\n\n\n<p class=\"has-text-align-center has-luminous-vivid-orange-color has-text-color has-normal-font-size\">\n<\/p><p><!-- \/wp:paragraph --><\/p>\n<p><!-- wp:file {\"id\":4560,\"href\":\"http:\/\/caniskol.fr\/wp-content\/uploads\/2024\/03\/Contrat-Education-Canine.pdf\",\"displayPreview\":true,\"previewHeight\":200} --><\/p>\n<p><!-- \/wp:file --><\/p>\n<p><!-- wp:file {\"id\":4558,\"href\":\"http:\/\/caniskol.fr\/wp-content\/uploads\/2024\/03\/Contrat-pension-2024.pdf\",\"displayPreview\":true,\"previewHeight\":200} --><\/p>\n<div class=\"wp-block-file\">&nbsp;<\/div>\n<p><!-- \/wp:file --><\/p>\n<p><!-- wp:file {\"id\":4547,\"href\":\"http:\/\/caniskol.fr\/wp-content\/uploads\/2024\/03\/Conditions-pension-canine-2024.pdf\",\"displayPreview\":true,\"previewHeight\":200} --><\/p>\n<div class=\"wp-block-file\">&nbsp;<\/div>\n<p><!-- \/wp:file --><\/p>","protected":false},"excerpt":{"rendered":"<p>Cani&rsquo;Skol se situe \u00e0 Maure de Bretagne \/ Val d&rsquo;Anast (35330), \u00e0 la fronti\u00e8re entre l&rsquo;Ille et Vilaine (35) et le Morbihan (56).&nbsp; Je me d\u00e9place gratuitement dans un rayon de 10 kms autour du centre d&rsquo;\u00e9ducation. Frais kilom\u00e9triques de 0,60cts\/km au del\u00e0. Horaires d&rsquo;ouvertures : le lundi, mardi et vendredi de 8h45 \u00e0 18h,&#8230; <\/p>\n<div class=\"read-more\"><a href=\"http:\/\/caniskol.fr\/index.php\/contact\/\">Lire la suite<\/a><\/div>\n","protected":false},"author":1,"featured_media":0,"parent":0,"menu_order":9,"comment_status":"closed","ping_status":"closed","template":"","meta":[],"_links":{"self":[{"href":"http:\/\/caniskol.fr\/index.php\/wp-json\/wp\/v2\/pages\/33"}],"collection":[{"href":"http:\/\/caniskol.fr\/index.php\/wp-json\/wp\/v2\/pages"}],"about":[{"href":"http:\/\/caniskol.fr\/index.php\/wp-json\/wp\/v2\/types\/page"}],"author":[{"embeddable":true,"href":"http:\/\/caniskol.fr\/index.php\/wp-json\/wp\/v2\/users\/1"}],"replies":[{"embeddable":true,"href":"http:\/\/caniskol.fr\/index.php\/wp-json\/wp\/v2\/comments?post=33"}],"version-history":[{"count":71,"href":"http:\/\/caniskol.fr\/index.php\/wp-json\/wp\/v2\/pages\/33\/revisions"}],"predecessor-version":[{"id":5131,"href":"http:\/\/caniskol.fr\/index.php\/wp-json\/wp\/v2\/pages\/33\/revisions\/5131"}],"wp:attachment":[{"href":"http:\/\/caniskol.fr\/index.php\/wp-json\/wp\/v2\/media?parent=33"}],"curies":[{"name":"wp","href":"https:\/\/api.w.org\/{rel}","templated":true}]}}