{"id":4339,"date":"2023-11-08T20:50:40","date_gmt":"2023-11-08T19:50:40","guid":{"rendered":"http:\/\/caniskol.fr\/?page_id=4339"},"modified":"2026-03-30T13:49:28","modified_gmt":"2026-03-30T12:49:28","slug":"cani-investigation","status":"publish","type":"page","link":"http:\/\/caniskol.fr\/index.php\/cani-investigation\/","title":{"rendered":"Cani-Investigation\u00a9"},"content":{"rendered":"\n<p class=\"has-black-color has-text-color\">C&rsquo;est une activit\u00e9 ludique utilisant l\u2019olfaction, qui consiste \u00e0 inviter votre chien \u00e0 rechercher de \u200bmani\u00e8re<strong> m\u00e9thodique<\/strong> et <strong>amusante <\/strong>une <strong>odeur \u200bsp\u00e9cifique<\/strong> dans diff\u00e9rentes zones de recherches. Cette activit\u00e9 apporte une bonne d\u00e9pense <strong>cognitive<\/strong> au chien. <\/p>\n\n\n\n<p><p style=\"text-align: justify;\">La Cani-investigation\u00a9 rassemble diff\u00e9rentes techniques de recherche (nosework, d\u00e9tection, hunting games&#8230;) pour en faire une approche comportementale qui permet d<strong>&lsquo;adapter l&rsquo;activit\u00e9 au chien et non l&rsquo;inverse<\/strong>. En tout d\u00e9but, votre poilu r\u00e9ussira \u00e0 reconnaitre et localiser une friandise que vous aurez soigneusement choisi. Etape par \u00e9tape, votre chien sera capable de rechercher une odeur \u00ab\u00a0cible\u00a0\u00bb (th\u00e9, clou de girofle, anis, caf\u00e9&#8230; ) dans diff\u00e9rents environnements.<\/p>\n\n\n<p style=\"text-align: center;\"><span style=\"color: #ff6600;\"><em>Le saviez-vous ?<\/em><\/span><br \/><span style=\"color: #ff6600;\"><em>Le flair du chien est cent mille fois sup\u00e9rieur au notre, sa truffe peut d\u00e9tecter une goutte de parfum dans un stade!<\/em><\/span><\/p>\n<p style=\"text-align: justify;\">Respectant la sensibilit\u00e9 de chaque chien et guidant chaque humain avec bienveillance, le stage Cani-investigation\u00a9 est <strong>ouvert \u00e0 tous les chiens<\/strong>,<strong> de tous \u00e2ges et profils<\/strong> mais \u00e9galement<strong> \u00e0 tous les humains<\/strong> sportifs ou non, ou en situation de handicap.<\/p>\n<p><!-- \/wp:paragraph --><\/p>\n<p><!-- wp:paragraph {\"textColor\":\"black\"} --><\/p>\n<p><!-- \/wp:list --><\/p>\n<p><!-- wp:paragraph {\"textColor\":\"luminous-vivid-orange\"} --><\/p>\n<p><!-- wp:media-text {\"mediaPosition\":\"right\",\"mediaId\":4381,\"mediaLink\":\"http:\/\/caniskol.fr\/index.php\/cani-investigation\/img_0779\/\",\"mediaType\":\"image\"} --><\/p>\n<div class=\"wp-block-media-text alignwide has-media-on-the-right is-stacked-on-mobile\">\n<figure class=\"wp-block-media-text__media\"><img loading=\"lazy\" width=\"1024\" height=\"683\" class=\"wp-image-4381 size-full\" src=\"http:\/\/caniskol.fr\/wp-content\/uploads\/2023\/11\/IMG_0779-1024x683.jpg\" alt=\"\" srcset=\"http:\/\/caniskol.fr\/wp-content\/uploads\/2023\/11\/IMG_0779-1024x683.jpg 1024w, http:\/\/caniskol.fr\/wp-content\/uploads\/2023\/11\/IMG_0779-300x200.jpg 300w, http:\/\/caniskol.fr\/wp-content\/uploads\/2023\/11\/IMG_0779-768x512.jpg 768w, http:\/\/caniskol.fr\/wp-content\/uploads\/2023\/11\/IMG_0779-1536x1024.jpg 1536w, http:\/\/caniskol.fr\/wp-content\/uploads\/2023\/11\/IMG_0779-2048x1365.jpg 2048w\" sizes=\"(max-width: 1024px) 100vw, 1024px\" \/><\/figure>\n<div class=\"wp-block-media-text__content\"><!-- wp:freeform -->\n<p>\u00a0<\/p>\n<p class=\"has-black-color has-text-color\"><strong><em>Les avantages : <\/em><\/strong>\u00a0<\/p>\n<p><!-- \/wp:paragraph --><\/p>\n<p><!-- wp:list --><\/p>\n<ul>\n<li>D\u00e9veloppe et renforce la prise d&rsquo;initiative du chien.<\/li>\n<li>Am\u00e9liore sa capacit\u00e9 \u00e0 se concentrer et \u00e0 \u00eatre m\u00e9thodique.<\/li>\n<li>Participe \u00e0 une meilleure gestion \u00e9motionnelle.<\/li>\n<li>D\u00e9veloppe sa confiance en lui, en vous et dans l&rsquo;environnement.<\/li>\n<li>R\u00e9pond \u00e0 un des besoins important pour \u200bson bien-\u00eatre.<\/li>\n<li>L&rsquo;humain apprend \u00e0 observer et \u00e0 lire son chien.<\/li>\n<li>Renforce la complicit\u00e9 de votre bin\u00f4me<\/li>\n<\/ul>\n<p><!-- \/wp:freeform --><\/p>\n<\/div>\n<\/div>\n<p><!-- \/wp:media-text --><\/p>\n<p class=\"has-luminous-vivid-orange-color has-text-color\" style=\"text-align: center;\">Gr\u00e2ce \u00e0 ce stage, vous pourrez vous amuser en autonomie avec votre chien, \u00e0 la maison, dans votre jardin et dans diff\u00e9rents environnements<\/p>\n<p><!-- \/wp:paragraph --><\/p>\n<p><!-- wp:paragraph --><\/p>\n<p><strong><em>A savoir\u00a0:\u00a0<\/em><\/strong>\u00a0<\/p>\n<p><!-- \/wp:paragraph --><\/p>\n<p><!-- wp:paragraph --><\/p>\n<p>Le stage se d\u00e9roule en demi-journ\u00e9e et dure environ 3h. Le nombre de participants est limit\u00e9 \u00e0 3 chiens.<\/p>\n<p><!-- \/wp:paragraph --><\/p>\n<p><!-- wp:paragraph --><\/p>\n<p>Tarif : 39\u20ac par chien. Pour les mordus de la discipline, le 6\u00e8me stage est offert.<\/p>\n<p style=\"text-align: justify;\">Il ne s&rsquo;agit pas d&rsquo;une activit\u00e9 collective. Les chiens passeront plusieurs fois, \u00e0 tour de r\u00f4le, afin que j&rsquo;adapte la recherche au niveau de chacun. Merci de pr\u00e9voir de laisser vos chiens confortablement install\u00e9s (eau, b\u00e2che anti-uv, couverture&#8230;) dans vos v\u00e9hicules entre les passages. Ces temps de repos sont n\u00e9cessaires et obligatoires pour vos chiens. Qui plus est, vous apprenez aussi en observant les autres participants \u00e9voluer<\/p>\n<p><!-- \/wp:paragraph --><\/p>\n<p style=\"text-align: justify;\">Aucune prise de contact entre les chiens participants, pas d&rsquo;inqui\u00e9tude si votre chien est sensible. L&rsquo;activit\u00e9 est ouverte m\u00eame aux chiens dits \u00ab\u00a0r\u00e9actifs\u00a0\u00bb cong\u00e9n\u00e8res.<\/p>\n<p><!-- \/wp:paragraph --><\/p>\n<p><!-- wp:paragraph --><\/p>\n<p><strong><em>Mat\u00e9riel \u00e0 pr\u00e9voir\u00a0:\u00a0<\/em><\/strong>\u00a0<\/p>\n<p><!-- \/wp:paragraph --><\/p>\n<p>&#8211; Petites friandises odorantes que votre chien appr\u00e9cie,<br \/>&#8211; Harnais en H ou Y (pr\u00eat sur place possible) + longe 5m environ,<br \/>&#8211; Eventuellement un jouet,<br \/>&#8211; Odeur avec laquelle vous travaillez d\u00e9j\u00e0. Si vous ne savez pas quelle odeur prendre, que vous d\u00e9butez, nous verrons cela ensemble lors du stage.<\/p>\n<p><strong><em>Prochains stages : <\/em><\/strong>\u00a0<\/p>\n<p>\u2022 Lundi 18 mai 2026 &#8211; reste 1 place<br \/>\u2022 Vendredi 29 mai 2026 &#8211; reste 3 places<\/p>\n<p><strong><a href=\"mailto:email@exemple.com?subject=Stage Cani-Investigation\">Contactez moi<\/a> <\/strong>pour vous inscrire et connaitre les dates des stages suivants<br \/>Caniskolbzh@gmail.com<br \/>06.66.46.33.62<br \/><a href=\"http:\/\/www.facebook.com\/caniskol\" target=\"_blank\" rel=\"noopener\">www.facebook.com\/caniskol<\/a><\/p>\n<p><!-- \/wp:cover --><\/p>\n<p><!-- wp:gallery {\"ids\":[4387,4388,4532,4531,4534,4538,4537,4536,4533,4530,4489,4416,4415,4389],\"linkTo\":\"none\"} --><\/p>\n<figure class=\"wp-block-gallery columns-3 is-cropped\">\n<ul class=\"blocks-gallery-grid\">\n<li class=\"blocks-gallery-item\">\n<figure><img loading=\"lazy\" width=\"1024\" height=\"683\" class=\"wp-image-4387\" src=\"http:\/\/caniskol.fr\/wp-content\/uploads\/2023\/11\/IMG_0768-1024x683.jpg\" alt=\"\" data-id=\"4387\" data-full-url=\"http:\/\/caniskol.fr\/wp-content\/uploads\/2023\/11\/IMG_0768-scaled.jpg\" data-link=\"http:\/\/caniskol.fr\/index.php\/cani-investigation\/img_0768\/\" srcset=\"http:\/\/caniskol.fr\/wp-content\/uploads\/2023\/11\/IMG_0768-1024x683.jpg 1024w, http:\/\/caniskol.fr\/wp-content\/uploads\/2023\/11\/IMG_0768-300x200.jpg 300w, http:\/\/caniskol.fr\/wp-content\/uploads\/2023\/11\/IMG_0768-768x512.jpg 768w, http:\/\/caniskol.fr\/wp-content\/uploads\/2023\/11\/IMG_0768-1536x1024.jpg 1536w, http:\/\/caniskol.fr\/wp-content\/uploads\/2023\/11\/IMG_0768-2048x1365.jpg 2048w\" sizes=\"(max-width: 1024px) 100vw, 1024px\" \/><\/figure>\n<\/li>\n<li class=\"blocks-gallery-item\">\n<figure><img loading=\"lazy\" width=\"1024\" height=\"683\" class=\"wp-image-4388\" src=\"http:\/\/caniskol.fr\/wp-content\/uploads\/2023\/11\/IMG_0769-1024x683.jpg\" alt=\"\" data-id=\"4388\" data-full-url=\"http:\/\/caniskol.fr\/wp-content\/uploads\/2023\/11\/IMG_0769-scaled.jpg\" data-link=\"http:\/\/caniskol.fr\/index.php\/cani-investigation\/img_0769\/\" srcset=\"http:\/\/caniskol.fr\/wp-content\/uploads\/2023\/11\/IMG_0769-1024x683.jpg 1024w, http:\/\/caniskol.fr\/wp-content\/uploads\/2023\/11\/IMG_0769-300x200.jpg 300w, http:\/\/caniskol.fr\/wp-content\/uploads\/2023\/11\/IMG_0769-768x512.jpg 768w, http:\/\/caniskol.fr\/wp-content\/uploads\/2023\/11\/IMG_0769-1536x1024.jpg 1536w, http:\/\/caniskol.fr\/wp-content\/uploads\/2023\/11\/IMG_0769-2048x1365.jpg 2048w\" sizes=\"(max-width: 1024px) 100vw, 1024px\" \/><\/figure>\n<\/li>\n<li class=\"blocks-gallery-item\">\n<figure><img loading=\"lazy\" width=\"768\" height=\"1024\" class=\"wp-image-4532\" src=\"http:\/\/caniskol.fr\/wp-content\/uploads\/2024\/02\/422605404_917050983561399_8784020182985976021_n-1-768x1024.jpg\" alt=\"\" data-id=\"4532\" data-full-url=\"http:\/\/caniskol.fr\/wp-content\/uploads\/2024\/02\/422605404_917050983561399_8784020182985976021_n-1.jpg\" data-link=\"http:\/\/caniskol.fr\/index.php\/cani-investigation\/422605404_917050983561399_8784020182985976021_n-1\/\" srcset=\"http:\/\/caniskol.fr\/wp-content\/uploads\/2024\/02\/422605404_917050983561399_8784020182985976021_n-1-768x1024.jpg 768w, http:\/\/caniskol.fr\/wp-content\/uploads\/2024\/02\/422605404_917050983561399_8784020182985976021_n-1-225x300.jpg 225w, http:\/\/caniskol.fr\/wp-content\/uploads\/2024\/02\/422605404_917050983561399_8784020182985976021_n-1-1152x1536.jpg 1152w, http:\/\/caniskol.fr\/wp-content\/uploads\/2024\/02\/422605404_917050983561399_8784020182985976021_n-1.jpg 1536w\" sizes=\"(max-width: 768px) 100vw, 768px\" \/><\/figure>\n<\/li>\n<li class=\"blocks-gallery-item\">\n<figure><img loading=\"lazy\" width=\"768\" height=\"1024\" class=\"wp-image-4531\" src=\"http:\/\/caniskol.fr\/wp-content\/uploads\/2024\/02\/422560381_917051286894702_3633623336939093713_n-1-768x1024.jpg\" alt=\"\" data-id=\"4531\" data-full-url=\"http:\/\/caniskol.fr\/wp-content\/uploads\/2024\/02\/422560381_917051286894702_3633623336939093713_n-1.jpg\" data-link=\"http:\/\/caniskol.fr\/index.php\/cani-investigation\/422560381_917051286894702_3633623336939093713_n-1\/\" srcset=\"http:\/\/caniskol.fr\/wp-content\/uploads\/2024\/02\/422560381_917051286894702_3633623336939093713_n-1-768x1024.jpg 768w, http:\/\/caniskol.fr\/wp-content\/uploads\/2024\/02\/422560381_917051286894702_3633623336939093713_n-1-225x300.jpg 225w, http:\/\/caniskol.fr\/wp-content\/uploads\/2024\/02\/422560381_917051286894702_3633623336939093713_n-1-1152x1536.jpg 1152w, http:\/\/caniskol.fr\/wp-content\/uploads\/2024\/02\/422560381_917051286894702_3633623336939093713_n-1.jpg 1536w\" sizes=\"(max-width: 768px) 100vw, 768px\" \/><\/figure>\n<\/li>\n<li class=\"blocks-gallery-item\">\n<figure><img loading=\"lazy\" width=\"768\" height=\"1024\" class=\"wp-image-4534\" src=\"http:\/\/caniskol.fr\/wp-content\/uploads\/2024\/02\/422661482_917050736894757_5920226129601371504_n-768x1024.jpg\" alt=\"\" data-id=\"4534\" data-full-url=\"http:\/\/caniskol.fr\/wp-content\/uploads\/2024\/02\/422661482_917050736894757_5920226129601371504_n.jpg\" data-link=\"http:\/\/caniskol.fr\/index.php\/cani-investigation\/422661482_917050736894757_5920226129601371504_n\/\" srcset=\"http:\/\/caniskol.fr\/wp-content\/uploads\/2024\/02\/422661482_917050736894757_5920226129601371504_n-768x1024.jpg 768w, http:\/\/caniskol.fr\/wp-content\/uploads\/2024\/02\/422661482_917050736894757_5920226129601371504_n-225x300.jpg 225w, http:\/\/caniskol.fr\/wp-content\/uploads\/2024\/02\/422661482_917050736894757_5920226129601371504_n-1152x1536.jpg 1152w, http:\/\/caniskol.fr\/wp-content\/uploads\/2024\/02\/422661482_917050736894757_5920226129601371504_n.jpg 1536w\" sizes=\"(max-width: 768px) 100vw, 768px\" \/><\/figure>\n<\/li>\n<li class=\"blocks-gallery-item\">\n<figure><img loading=\"lazy\" width=\"768\" height=\"1024\" class=\"wp-image-4538\" src=\"http:\/\/caniskol.fr\/wp-content\/uploads\/2024\/02\/429342299_7266868580038896_315283395387849393_n-768x1024.jpg\" alt=\"\" data-id=\"4538\" data-full-url=\"http:\/\/caniskol.fr\/wp-content\/uploads\/2024\/02\/429342299_7266868580038896_315283395387849393_n.jpg\" data-link=\"http:\/\/caniskol.fr\/index.php\/cani-investigation\/429342299_7266868580038896_315283395387849393_n\/\" srcset=\"http:\/\/caniskol.fr\/wp-content\/uploads\/2024\/02\/429342299_7266868580038896_315283395387849393_n-768x1024.jpg 768w, http:\/\/caniskol.fr\/wp-content\/uploads\/2024\/02\/429342299_7266868580038896_315283395387849393_n-225x300.jpg 225w, http:\/\/caniskol.fr\/wp-content\/uploads\/2024\/02\/429342299_7266868580038896_315283395387849393_n-1152x1536.jpg 1152w, http:\/\/caniskol.fr\/wp-content\/uploads\/2024\/02\/429342299_7266868580038896_315283395387849393_n.jpg 1512w\" sizes=\"(max-width: 768px) 100vw, 768px\" \/><\/figure>\n<\/li>\n<li class=\"blocks-gallery-item\">\n<figure><img loading=\"lazy\" width=\"768\" height=\"1024\" class=\"wp-image-4537\" src=\"http:\/\/caniskol.fr\/wp-content\/uploads\/2024\/02\/429315034_920601362842981_5484793087309366546_n-768x1024.jpg\" alt=\"\" data-id=\"4537\" data-full-url=\"http:\/\/caniskol.fr\/wp-content\/uploads\/2024\/02\/429315034_920601362842981_5484793087309366546_n.jpg\" data-link=\"http:\/\/caniskol.fr\/index.php\/cani-investigation\/429315034_920601362842981_5484793087309366546_n\/\" srcset=\"http:\/\/caniskol.fr\/wp-content\/uploads\/2024\/02\/429315034_920601362842981_5484793087309366546_n-768x1024.jpg 768w, http:\/\/caniskol.fr\/wp-content\/uploads\/2024\/02\/429315034_920601362842981_5484793087309366546_n-225x300.jpg 225w, http:\/\/caniskol.fr\/wp-content\/uploads\/2024\/02\/429315034_920601362842981_5484793087309366546_n-1152x1536.jpg 1152w, http:\/\/caniskol.fr\/wp-content\/uploads\/2024\/02\/429315034_920601362842981_5484793087309366546_n.jpg 1512w\" sizes=\"(max-width: 768px) 100vw, 768px\" \/><\/figure>\n<\/li>\n<li class=\"blocks-gallery-item\">\n<figure><img loading=\"lazy\" width=\"768\" height=\"1024\" class=\"wp-image-4536\" src=\"http:\/\/caniskol.fr\/wp-content\/uploads\/2024\/02\/428899251_711482471131410_7443102515691991386_n-768x1024.jpg\" alt=\"\" data-id=\"4536\" data-full-url=\"http:\/\/caniskol.fr\/wp-content\/uploads\/2024\/02\/428899251_711482471131410_7443102515691991386_n.jpg\" data-link=\"http:\/\/caniskol.fr\/index.php\/cani-investigation\/428899251_711482471131410_7443102515691991386_n\/\" srcset=\"http:\/\/caniskol.fr\/wp-content\/uploads\/2024\/02\/428899251_711482471131410_7443102515691991386_n-768x1024.jpg 768w, http:\/\/caniskol.fr\/wp-content\/uploads\/2024\/02\/428899251_711482471131410_7443102515691991386_n-225x300.jpg 225w, http:\/\/caniskol.fr\/wp-content\/uploads\/2024\/02\/428899251_711482471131410_7443102515691991386_n-1152x1536.jpg 1152w, http:\/\/caniskol.fr\/wp-content\/uploads\/2024\/02\/428899251_711482471131410_7443102515691991386_n.jpg 1512w\" sizes=\"(max-width: 768px) 100vw, 768px\" \/><\/figure>\n<\/li>\n<li class=\"blocks-gallery-item\">\n<figure><img loading=\"lazy\" width=\"768\" height=\"1024\" class=\"wp-image-4533\" src=\"http:\/\/caniskol.fr\/wp-content\/uploads\/2024\/02\/422624080_917050676894763_5151614436504631141_n-768x1024.jpg\" alt=\"\" data-id=\"4533\" data-full-url=\"http:\/\/caniskol.fr\/wp-content\/uploads\/2024\/02\/422624080_917050676894763_5151614436504631141_n.jpg\" data-link=\"http:\/\/caniskol.fr\/index.php\/cani-investigation\/422624080_917050676894763_5151614436504631141_n\/\" srcset=\"http:\/\/caniskol.fr\/wp-content\/uploads\/2024\/02\/422624080_917050676894763_5151614436504631141_n-768x1024.jpg 768w, http:\/\/caniskol.fr\/wp-content\/uploads\/2024\/02\/422624080_917050676894763_5151614436504631141_n-225x300.jpg 225w, http:\/\/caniskol.fr\/wp-content\/uploads\/2024\/02\/422624080_917050676894763_5151614436504631141_n-1152x1536.jpg 1152w, http:\/\/caniskol.fr\/wp-content\/uploads\/2024\/02\/422624080_917050676894763_5151614436504631141_n.jpg 1536w\" sizes=\"(max-width: 768px) 100vw, 768px\" \/><\/figure>\n<\/li>\n<li class=\"blocks-gallery-item\">\n<figure><img loading=\"lazy\" width=\"1024\" height=\"768\" class=\"wp-image-4530\" src=\"http:\/\/caniskol.fr\/wp-content\/uploads\/2024\/02\/422465794_917050843561413_1423309700488789902_n-1024x768.jpg\" alt=\"\" data-id=\"4530\" data-full-url=\"http:\/\/caniskol.fr\/wp-content\/uploads\/2024\/02\/422465794_917050843561413_1423309700488789902_n.jpg\" data-link=\"http:\/\/caniskol.fr\/index.php\/cani-investigation\/422465794_917050843561413_1423309700488789902_n\/\" srcset=\"http:\/\/caniskol.fr\/wp-content\/uploads\/2024\/02\/422465794_917050843561413_1423309700488789902_n-1024x768.jpg 1024w, http:\/\/caniskol.fr\/wp-content\/uploads\/2024\/02\/422465794_917050843561413_1423309700488789902_n-300x225.jpg 300w, http:\/\/caniskol.fr\/wp-content\/uploads\/2024\/02\/422465794_917050843561413_1423309700488789902_n-768x576.jpg 768w, http:\/\/caniskol.fr\/wp-content\/uploads\/2024\/02\/422465794_917050843561413_1423309700488789902_n-1536x1152.jpg 1536w, http:\/\/caniskol.fr\/wp-content\/uploads\/2024\/02\/422465794_917050843561413_1423309700488789902_n.jpg 2048w\" sizes=\"(max-width: 1024px) 100vw, 1024px\" \/><\/figure>\n<\/li>\n<li class=\"blocks-gallery-item\">\n<figure><img loading=\"lazy\" width=\"1024\" height=\"693\" class=\"wp-image-4489\" src=\"http:\/\/caniskol.fr\/wp-content\/uploads\/2024\/01\/420537115_876318184272659_980712114567305535_n-e1706172299896-1024x693.jpg\" alt=\"\" data-id=\"4489\" data-full-url=\"http:\/\/caniskol.fr\/wp-content\/uploads\/2024\/01\/420537115_876318184272659_980712114567305535_n-e1706172299896.jpg\" data-link=\"http:\/\/caniskol.fr\/index.php\/cani-investigation\/420537115_876318184272659_980712114567305535_n\/\" srcset=\"http:\/\/caniskol.fr\/wp-content\/uploads\/2024\/01\/420537115_876318184272659_980712114567305535_n-e1706172299896-1024x693.jpg 1024w, http:\/\/caniskol.fr\/wp-content\/uploads\/2024\/01\/420537115_876318184272659_980712114567305535_n-e1706172299896-300x203.jpg 300w, http:\/\/caniskol.fr\/wp-content\/uploads\/2024\/01\/420537115_876318184272659_980712114567305535_n-e1706172299896-768x520.jpg 768w, http:\/\/caniskol.fr\/wp-content\/uploads\/2024\/01\/420537115_876318184272659_980712114567305535_n-e1706172299896-1536x1039.jpg 1536w, http:\/\/caniskol.fr\/wp-content\/uploads\/2024\/01\/420537115_876318184272659_980712114567305535_n-e1706172299896.jpg 1914w\" sizes=\"(max-width: 1024px) 100vw, 1024px\" \/><\/figure>\n<\/li>\n<li class=\"blocks-gallery-item\">\n<figure><img loading=\"lazy\" width=\"1024\" height=\"683\" class=\"wp-image-4416\" src=\"http:\/\/caniskol.fr\/wp-content\/uploads\/2024\/01\/IMG_1140-1024x683.jpg\" alt=\"\" data-id=\"4416\" data-full-url=\"http:\/\/caniskol.fr\/wp-content\/uploads\/2024\/01\/IMG_1140-scaled.jpg\" data-link=\"http:\/\/caniskol.fr\/index.php\/cani-investigation\/img_1140\/\" srcset=\"http:\/\/caniskol.fr\/wp-content\/uploads\/2024\/01\/IMG_1140-1024x683.jpg 1024w, http:\/\/caniskol.fr\/wp-content\/uploads\/2024\/01\/IMG_1140-300x200.jpg 300w, http:\/\/caniskol.fr\/wp-content\/uploads\/2024\/01\/IMG_1140-768x512.jpg 768w, http:\/\/caniskol.fr\/wp-content\/uploads\/2024\/01\/IMG_1140-1536x1024.jpg 1536w, http:\/\/caniskol.fr\/wp-content\/uploads\/2024\/01\/IMG_1140-2048x1365.jpg 2048w\" sizes=\"(max-width: 1024px) 100vw, 1024px\" \/><\/figure>\n<\/li>\n<li class=\"blocks-gallery-item\">\n<figure><img loading=\"lazy\" width=\"1024\" height=\"683\" class=\"wp-image-4415\" src=\"http:\/\/caniskol.fr\/wp-content\/uploads\/2024\/01\/IMG_1031-1-1024x683.jpg\" alt=\"\" data-id=\"4415\" data-full-url=\"http:\/\/caniskol.fr\/wp-content\/uploads\/2024\/01\/IMG_1031-1-scaled.jpg\" data-link=\"http:\/\/caniskol.fr\/index.php\/cani-investigation\/img_1031-1\/\" srcset=\"http:\/\/caniskol.fr\/wp-content\/uploads\/2024\/01\/IMG_1031-1-1024x683.jpg 1024w, http:\/\/caniskol.fr\/wp-content\/uploads\/2024\/01\/IMG_1031-1-300x200.jpg 300w, http:\/\/caniskol.fr\/wp-content\/uploads\/2024\/01\/IMG_1031-1-768x512.jpg 768w, http:\/\/caniskol.fr\/wp-content\/uploads\/2024\/01\/IMG_1031-1-1536x1024.jpg 1536w, http:\/\/caniskol.fr\/wp-content\/uploads\/2024\/01\/IMG_1031-1-2048x1365.jpg 2048w\" sizes=\"(max-width: 1024px) 100vw, 1024px\" \/><\/figure>\n<\/li>\n<li class=\"blocks-gallery-item\">\n<figure><img loading=\"lazy\" width=\"1024\" height=\"683\" class=\"wp-image-4389\" src=\"http:\/\/caniskol.fr\/wp-content\/uploads\/2023\/11\/IMG_0802-1024x683.jpg\" alt=\"\" data-id=\"4389\" data-full-url=\"http:\/\/caniskol.fr\/wp-content\/uploads\/2023\/11\/IMG_0802-scaled.jpg\" data-link=\"http:\/\/caniskol.fr\/index.php\/cani-investigation\/img_0802-2\/\" srcset=\"http:\/\/caniskol.fr\/wp-content\/uploads\/2023\/11\/IMG_0802-1024x683.jpg 1024w, http:\/\/caniskol.fr\/wp-content\/uploads\/2023\/11\/IMG_0802-300x200.jpg 300w, http:\/\/caniskol.fr\/wp-content\/uploads\/2023\/11\/IMG_0802-768x512.jpg 768w, http:\/\/caniskol.fr\/wp-content\/uploads\/2023\/11\/IMG_0802-1536x1024.jpg 1536w, http:\/\/caniskol.fr\/wp-content\/uploads\/2023\/11\/IMG_0802-2048x1365.jpg 2048w\" sizes=\"(max-width: 1024px) 100vw, 1024px\" \/><\/figure>\n<\/li>\n<\/ul>\n<\/figure>\n<p><!-- \/wp:gallery --><\/p>\n<p><!-- wp:cover {\"url\":\"http:\/\/caniskol.fr\/wp-content\/uploads\/2023\/11\/0.jpg\",\"id\":4390} --><\/p>\n<div class=\"wp-block-cover has-background-dim\"><img loading=\"lazy\" width=\"1260\" height=\"709\" class=\"wp-block-cover__image-background wp-image-4390\" src=\"http:\/\/caniskol.fr\/wp-content\/uploads\/2023\/11\/0.jpg\" alt=\"\" data-object-fit=\"cover\" srcset=\"http:\/\/caniskol.fr\/wp-content\/uploads\/2023\/11\/0.jpg 1260w, http:\/\/caniskol.fr\/wp-content\/uploads\/2023\/11\/0-300x169.jpg 300w, http:\/\/caniskol.fr\/wp-content\/uploads\/2023\/11\/0-1024x576.jpg 1024w, http:\/\/caniskol.fr\/wp-content\/uploads\/2023\/11\/0-768x432.jpg 768w\" sizes=\"(max-width: 1260px) 100vw, 1260px\" \/>\n<p>\u00a0<\/p>\n<div class=\"wp-block-cover__inner-container\"><!-- wp:paragraph {\"align\":\"center\",\"placeholder\":\"R\u00e9digez le titre\u2026\",\"fontSize\":\"large\"} -->\n<p>\u00a0<\/p>\n<p class=\"has-text-align-center has-large-font-size\">Voiture \u00e0 disposition pour vos recherches<\/p>\n<p><!-- \/wp:paragraph --><\/p>\n<\/div>\n<\/div>\n<p><!-- \/wp:cover --><\/p>","protected":false},"excerpt":{"rendered":"<p>C&rsquo;est une activit\u00e9 ludique utilisant l\u2019olfaction, qui consiste \u00e0 inviter votre chien \u00e0 rechercher de \u200bmani\u00e8re m\u00e9thodique et amusante une odeur \u200bsp\u00e9cifique dans diff\u00e9rentes zones de recherches. Cette activit\u00e9 apporte une bonne d\u00e9pense cognitive au chien. La Cani-investigation\u00a9 rassemble diff\u00e9rentes techniques de recherche (nosework, d\u00e9tection, hunting games&#8230;) pour en faire une approche comportementale qui permet&#8230; <\/p>\n<div class=\"read-more\"><a href=\"http:\/\/caniskol.fr\/index.php\/cani-investigation\/\">Lire la suite<\/a><\/div>\n","protected":false},"author":1,"featured_media":0,"parent":0,"menu_order":0,"comment_status":"closed","ping_status":"closed","template":"","meta":[],"_links":{"self":[{"href":"http:\/\/caniskol.fr\/index.php\/wp-json\/wp\/v2\/pages\/4339"}],"collection":[{"href":"http:\/\/caniskol.fr\/index.php\/wp-json\/wp\/v2\/pages"}],"about":[{"href":"http:\/\/caniskol.fr\/index.php\/wp-json\/wp\/v2\/types\/page"}],"author":[{"embeddable":true,"href":"http:\/\/caniskol.fr\/index.php\/wp-json\/wp\/v2\/users\/1"}],"replies":[{"embeddable":true,"href":"http:\/\/caniskol.fr\/index.php\/wp-json\/wp\/v2\/comments?post=4339"}],"version-history":[{"count":50,"href":"http:\/\/caniskol.fr\/index.php\/wp-json\/wp\/v2\/pages\/4339\/revisions"}],"predecessor-version":[{"id":5127,"href":"http:\/\/caniskol.fr\/index.php\/wp-json\/wp\/v2\/pages\/4339\/revisions\/5127"}],"wp:attachment":[{"href":"http:\/\/caniskol.fr\/index.php\/wp-json\/wp\/v2\/media?parent=4339"}],"curies":[{"name":"wp","href":"https:\/\/api.w.org\/{rel}","templated":true}]}}