{"id":4808,"date":"2025-03-31T08:11:11","date_gmt":"2025-03-31T07:11:11","guid":{"rendered":"http:\/\/caniskol.fr\/?page_id=4808"},"modified":"2025-05-17T11:44:16","modified_gmt":"2025-05-17T10:44:16","slug":"patteau-joie","status":"publish","type":"page","link":"http:\/\/caniskol.fr\/index.php\/loisirs-canins\/patteau-joie\/","title":{"rendered":"Patt&rsquo;Eau Joie &#8211; Piscine"},"content":{"rendered":"\n<h2 class=\"has-text-align-center\"> <strong>Proposez un moment de baignade \u00e0 vos poilus en participant \u00e0 l&rsquo;activit\u00e9 \u00ab\u00a0Patt&rsquo;Eau Joie\u00a0\u00bb<\/strong> <\/h2>\n\n\n\n<figure class=\"wp-block-image size-large is-style-default\"><img loading=\"lazy\" width=\"1024\" height=\"626\" src=\"http:\/\/caniskol.fr\/wp-content\/uploads\/2025\/05\/IMG_2408-1-scaled-e1746977279529-1024x626.jpg\" alt=\"\" class=\"wp-image-4869\" srcset=\"http:\/\/caniskol.fr\/wp-content\/uploads\/2025\/05\/IMG_2408-1-scaled-e1746977279529-1024x626.jpg 1024w, http:\/\/caniskol.fr\/wp-content\/uploads\/2025\/05\/IMG_2408-1-scaled-e1746977279529-300x183.jpg 300w, http:\/\/caniskol.fr\/wp-content\/uploads\/2025\/05\/IMG_2408-1-scaled-e1746977279529-768x469.jpg 768w, http:\/\/caniskol.fr\/wp-content\/uploads\/2025\/05\/IMG_2408-1-scaled-e1746977279529-1536x938.jpg 1536w, http:\/\/caniskol.fr\/wp-content\/uploads\/2025\/05\/IMG_2408-1-scaled-e1746977279529-2048x1251.jpg 2048w\" sizes=\"(max-width: 1024px) 100vw, 1024px\" \/><\/figure>\n\n\n\n<p><strong>Pourquoi \u00e0 venir \u00e0 la Patt&rsquo;Eau Joie ?<\/strong><\/p>\n\n\n\n<ul><li>Moment de d\u00e9tente, de fun, de partage, de rigolade,<\/li><li>Parcours ludique,<\/li><li>Fini le stress des cyanobact\u00e9ries,<\/li><li>D\u00e9sensibiliser votre chien qui a peur de l&rsquo;eau, qui appr\u00e9hende de se baigner, nager,<\/li><li>Hauteur d&rsquo;eau environ 40cm, bassin 6m x 6m,<\/li><li>Renforcer la musculature de votre chien tout en s&rsquo;amusant,<\/li><li>Rafraichissement garanti pour tous, les humains aussi peuvent mettre les pieds dans l&rsquo;eau<\/li><li>S\u00e9ance collective 1h, groupe de 5 chiens maximum, sociables avec leurs cong\u00e9n\u00e8res.<\/li><li>Petit prix \u00e0 8\u20ac par chien<\/li><\/ul>\n\n\n\n<p><p style=\"text-align: justify;\">Le bassin est accessible via une rampe anti-d\u00e9rapante, ou en sautant directement dedans pour les plus t\u00e9m\u00e9raires.&nbsp;Si le groupe le permet (protection de ressources), Caniskol met \u00e0 disposition des jouets flottants et immerg\u00e9s mais aussi un parcours ludique compos\u00e9 de haies flottantes type Hooper sous lesquelles votre chien pourra passer.<br>Cette activit\u00e9 est uniquement propos\u00e9e en collectif pour cet \u00e9t\u00e9, mais vous pourrez r\u00e9server des cr\u00e9neaux individuels \u00e0 compter du 15 septembre 2025.&nbsp;<\/p><\/p>\n\n\n\n<figure class=\"wp-block-image size-large\"><img loading=\"lazy\" width=\"1024\" height=\"683\" src=\"http:\/\/caniskol.fr\/wp-content\/uploads\/2025\/03\/IMG_1975-1024x683.jpg\" alt=\"patt'eau joie piscine caniskol\" class=\"wp-image-4812\" srcset=\"http:\/\/caniskol.fr\/wp-content\/uploads\/2025\/03\/IMG_1975-1024x683.jpg 1024w, http:\/\/caniskol.fr\/wp-content\/uploads\/2025\/03\/IMG_1975-300x200.jpg 300w, http:\/\/caniskol.fr\/wp-content\/uploads\/2025\/03\/IMG_1975-768x512.jpg 768w, http:\/\/caniskol.fr\/wp-content\/uploads\/2025\/03\/IMG_1975-1536x1024.jpg 1536w, http:\/\/caniskol.fr\/wp-content\/uploads\/2025\/03\/IMG_1975-2048x1365.jpg 2048w\" sizes=\"(max-width: 1024px) 100vw, 1024px\" \/><\/figure>\n\n\n\n<p><br><strong>Mat\u00e9riel \u00e0 pr\u00e9voir :&nbsp;<\/strong><\/p>\n\n\n\n<ul><li>Serviettes pour vous s\u00e9cher ainsi que votre chien&nbsp;<\/li><li>Gilet de flottaison pour les plus petites races et\/ou chiens qui appr\u00e9hende l&rsquo;eau&nbsp;<\/li><li>Chaussures d&rsquo;eau propres obligatoires si vous souhaitez aller dans le bassin avec votre chien<\/li><li>De l&rsquo;eau pour vous les humains et cr\u00e8me solaire au besoin<br><\/li><\/ul>\n\n\n\n<p><strong>  <span style=\"font-size: revert; color: initial;\">Conditions d&rsquo;admission :<\/span><\/strong><\/p>\n\n\n\n<ul><li><span style=\"font-size: revert; color: initial;\">Chien \u00e0 jour de ses vaccins<\/span> CHPPi et Toux du Chenil (+ Rage pour les chiens de cat\u00e9gorie 2).<\/li><li>Animal d\u00e9parasit\u00e9 puces, tiques, vers.<\/li><li><span style=\"font-size: revert; color: initial;\">Sont accept\u00e9s les animaux parfaitement sociabilis\u00e9(e)s avec leurs cong\u00e9n\u00e8res.<\/span><\/li><li><span style=\"font-size: revert; color: initial;\">Chienne en chaleur non autoris\u00e9e<\/span>.<\/li><li><span style=\"font-size: revert; color: initial;\">Chien propre, l&rsquo;acc\u00e8s au bassin vous sera refus\u00e9 si votre animal arrive tout \u00ab\u00a0craspouillou\u00a0\u00bb<\/span> <\/li><\/ul>\n\n\n\n<figure class=\"wp-block-gallery columns-4 is-cropped\"><ul class=\"blocks-gallery-grid\"><li class=\"blocks-gallery-item\"><figure><a href=\"http:\/\/caniskol.fr\/wp-content\/uploads\/2025\/05\/IMG_2437-scaled.jpg\"><img loading=\"lazy\" width=\"2560\" height=\"1707\" src=\"http:\/\/caniskol.fr\/wp-content\/uploads\/2025\/05\/IMG_2437-scaled.jpg\" alt=\"piscine patt'eau joie caniskol\" data-id=\"4847\" data-link=\"http:\/\/caniskol.fr\/index.php\/loisirs-canins\/patteau-joie\/img_2437\/\" class=\"wp-image-4847\" srcset=\"http:\/\/caniskol.fr\/wp-content\/uploads\/2025\/05\/IMG_2437-scaled.jpg 2560w, http:\/\/caniskol.fr\/wp-content\/uploads\/2025\/05\/IMG_2437-300x200.jpg 300w, http:\/\/caniskol.fr\/wp-content\/uploads\/2025\/05\/IMG_2437-1024x683.jpg 1024w, http:\/\/caniskol.fr\/wp-content\/uploads\/2025\/05\/IMG_2437-768x512.jpg 768w, http:\/\/caniskol.fr\/wp-content\/uploads\/2025\/05\/IMG_2437-1536x1024.jpg 1536w, http:\/\/caniskol.fr\/wp-content\/uploads\/2025\/05\/IMG_2437-2048x1365.jpg 2048w\" sizes=\"(max-width: 2560px) 100vw, 2560px\" \/><\/a><\/figure><\/li><li class=\"blocks-gallery-item\"><figure><a href=\"http:\/\/caniskol.fr\/wp-content\/uploads\/2025\/05\/IMG_2390-scaled.jpg\"><img loading=\"lazy\" width=\"2560\" height=\"1707\" src=\"http:\/\/caniskol.fr\/wp-content\/uploads\/2025\/05\/IMG_2390-scaled.jpg\" alt=\"piscine patt'eau joie caniskol\" data-id=\"4843\" data-link=\"http:\/\/caniskol.fr\/index.php\/loisirs-canins\/patteau-joie\/img_2390\/\" class=\"wp-image-4843\" srcset=\"http:\/\/caniskol.fr\/wp-content\/uploads\/2025\/05\/IMG_2390-scaled.jpg 2560w, http:\/\/caniskol.fr\/wp-content\/uploads\/2025\/05\/IMG_2390-300x200.jpg 300w, http:\/\/caniskol.fr\/wp-content\/uploads\/2025\/05\/IMG_2390-1024x683.jpg 1024w, http:\/\/caniskol.fr\/wp-content\/uploads\/2025\/05\/IMG_2390-768x512.jpg 768w, http:\/\/caniskol.fr\/wp-content\/uploads\/2025\/05\/IMG_2390-1536x1024.jpg 1536w, http:\/\/caniskol.fr\/wp-content\/uploads\/2025\/05\/IMG_2390-2048x1365.jpg 2048w\" sizes=\"(max-width: 2560px) 100vw, 2560px\" \/><\/a><\/figure><\/li><li class=\"blocks-gallery-item\"><figure><a href=\"http:\/\/caniskol.fr\/wp-content\/uploads\/2025\/05\/IMG_2416-scaled.jpg\"><img loading=\"lazy\" width=\"2560\" height=\"1707\" src=\"http:\/\/caniskol.fr\/wp-content\/uploads\/2025\/05\/IMG_2416-scaled.jpg\" alt=\"piscine patt'eau joie caniskol\" data-id=\"4846\" data-link=\"http:\/\/caniskol.fr\/index.php\/loisirs-canins\/patteau-joie\/img_2416\/\" class=\"wp-image-4846\" srcset=\"http:\/\/caniskol.fr\/wp-content\/uploads\/2025\/05\/IMG_2416-scaled.jpg 2560w, http:\/\/caniskol.fr\/wp-content\/uploads\/2025\/05\/IMG_2416-300x200.jpg 300w, http:\/\/caniskol.fr\/wp-content\/uploads\/2025\/05\/IMG_2416-1024x683.jpg 1024w, http:\/\/caniskol.fr\/wp-content\/uploads\/2025\/05\/IMG_2416-768x512.jpg 768w, http:\/\/caniskol.fr\/wp-content\/uploads\/2025\/05\/IMG_2416-1536x1024.jpg 1536w, http:\/\/caniskol.fr\/wp-content\/uploads\/2025\/05\/IMG_2416-2048x1365.jpg 2048w\" sizes=\"(max-width: 2560px) 100vw, 2560px\" \/><\/a><\/figure><\/li><li class=\"blocks-gallery-item\"><figure><a href=\"http:\/\/caniskol.fr\/wp-content\/uploads\/2025\/05\/IMG_2412-scaled.jpg\"><img loading=\"lazy\" width=\"2560\" height=\"1707\" src=\"http:\/\/caniskol.fr\/wp-content\/uploads\/2025\/05\/IMG_2412-scaled.jpg\" alt=\"piscine patt'eau joie caniskol\" data-id=\"4845\" data-link=\"http:\/\/caniskol.fr\/index.php\/loisirs-canins\/patteau-joie\/img_2412\/\" class=\"wp-image-4845\" srcset=\"http:\/\/caniskol.fr\/wp-content\/uploads\/2025\/05\/IMG_2412-scaled.jpg 2560w, http:\/\/caniskol.fr\/wp-content\/uploads\/2025\/05\/IMG_2412-300x200.jpg 300w, http:\/\/caniskol.fr\/wp-content\/uploads\/2025\/05\/IMG_2412-1024x683.jpg 1024w, http:\/\/caniskol.fr\/wp-content\/uploads\/2025\/05\/IMG_2412-768x512.jpg 768w, http:\/\/caniskol.fr\/wp-content\/uploads\/2025\/05\/IMG_2412-1536x1024.jpg 1536w, http:\/\/caniskol.fr\/wp-content\/uploads\/2025\/05\/IMG_2412-2048x1365.jpg 2048w\" sizes=\"(max-width: 2560px) 100vw, 2560px\" \/><\/a><\/figure><\/li><li class=\"blocks-gallery-item\"><figure><a href=\"http:\/\/caniskol.fr\/wp-content\/uploads\/2025\/05\/IMG_2406-scaled.jpg\"><img loading=\"lazy\" width=\"2560\" height=\"1707\" src=\"http:\/\/caniskol.fr\/wp-content\/uploads\/2025\/05\/IMG_2406-scaled.jpg\" alt=\"piscine patt'eau joie caniskol\" data-id=\"4844\" data-link=\"http:\/\/caniskol.fr\/index.php\/loisirs-canins\/patteau-joie\/img_2406\/\" class=\"wp-image-4844\" srcset=\"http:\/\/caniskol.fr\/wp-content\/uploads\/2025\/05\/IMG_2406-scaled.jpg 2560w, http:\/\/caniskol.fr\/wp-content\/uploads\/2025\/05\/IMG_2406-300x200.jpg 300w, http:\/\/caniskol.fr\/wp-content\/uploads\/2025\/05\/IMG_2406-1024x683.jpg 1024w, http:\/\/caniskol.fr\/wp-content\/uploads\/2025\/05\/IMG_2406-768x512.jpg 768w, http:\/\/caniskol.fr\/wp-content\/uploads\/2025\/05\/IMG_2406-1536x1024.jpg 1536w, http:\/\/caniskol.fr\/wp-content\/uploads\/2025\/05\/IMG_2406-2048x1365.jpg 2048w\" sizes=\"(max-width: 2560px) 100vw, 2560px\" \/><\/a><\/figure><\/li><li class=\"blocks-gallery-item\"><figure><a href=\"http:\/\/caniskol.fr\/wp-content\/uploads\/2025\/03\/IMG_1969-scaled.jpg\"><img loading=\"lazy\" width=\"2560\" height=\"1707\" src=\"http:\/\/caniskol.fr\/wp-content\/uploads\/2025\/03\/IMG_1969-scaled.jpg\" alt=\"piscine patt'eau joie caniskol\" data-id=\"4827\" data-link=\"http:\/\/caniskol.fr\/index.php\/loisirs-canins\/patteau-joie\/img_1969\/\" class=\"wp-image-4827\" srcset=\"http:\/\/caniskol.fr\/wp-content\/uploads\/2025\/03\/IMG_1969-scaled.jpg 2560w, http:\/\/caniskol.fr\/wp-content\/uploads\/2025\/03\/IMG_1969-300x200.jpg 300w, http:\/\/caniskol.fr\/wp-content\/uploads\/2025\/03\/IMG_1969-1024x683.jpg 1024w, http:\/\/caniskol.fr\/wp-content\/uploads\/2025\/03\/IMG_1969-768x512.jpg 768w, http:\/\/caniskol.fr\/wp-content\/uploads\/2025\/03\/IMG_1969-1536x1024.jpg 1536w, http:\/\/caniskol.fr\/wp-content\/uploads\/2025\/03\/IMG_1969-2048x1365.jpg 2048w\" sizes=\"(max-width: 2560px) 100vw, 2560px\" \/><\/a><\/figure><\/li><li class=\"blocks-gallery-item\"><figure><a href=\"http:\/\/caniskol.fr\/wp-content\/uploads\/2025\/05\/IMG_2407-scaled.jpg\"><img loading=\"lazy\" width=\"2560\" height=\"1707\" src=\"http:\/\/caniskol.fr\/wp-content\/uploads\/2025\/05\/IMG_2407-scaled.jpg\" alt=\"\" data-id=\"4850\" data-link=\"http:\/\/caniskol.fr\/index.php\/loisirs-canins\/patteau-joie\/img_2407\/\" class=\"wp-image-4850\" srcset=\"http:\/\/caniskol.fr\/wp-content\/uploads\/2025\/05\/IMG_2407-scaled.jpg 2560w, http:\/\/caniskol.fr\/wp-content\/uploads\/2025\/05\/IMG_2407-300x200.jpg 300w, http:\/\/caniskol.fr\/wp-content\/uploads\/2025\/05\/IMG_2407-1024x683.jpg 1024w, http:\/\/caniskol.fr\/wp-content\/uploads\/2025\/05\/IMG_2407-768x512.jpg 768w, http:\/\/caniskol.fr\/wp-content\/uploads\/2025\/05\/IMG_2407-1536x1024.jpg 1536w, http:\/\/caniskol.fr\/wp-content\/uploads\/2025\/05\/IMG_2407-2048x1365.jpg 2048w\" sizes=\"(max-width: 2560px) 100vw, 2560px\" \/><\/a><\/figure><\/li><li class=\"blocks-gallery-item\"><figure><a href=\"http:\/\/caniskol.fr\/wp-content\/uploads\/2025\/05\/IMG_2429-scaled.jpg\"><img loading=\"lazy\" width=\"2560\" height=\"1707\" src=\"http:\/\/caniskol.fr\/wp-content\/uploads\/2025\/05\/IMG_2429-scaled.jpg\" alt=\"piscine patt'eau joie caniskol\" data-id=\"4849\" data-link=\"http:\/\/caniskol.fr\/index.php\/loisirs-canins\/patteau-joie\/img_2429\/\" class=\"wp-image-4849\" srcset=\"http:\/\/caniskol.fr\/wp-content\/uploads\/2025\/05\/IMG_2429-scaled.jpg 2560w, http:\/\/caniskol.fr\/wp-content\/uploads\/2025\/05\/IMG_2429-300x200.jpg 300w, http:\/\/caniskol.fr\/wp-content\/uploads\/2025\/05\/IMG_2429-1024x683.jpg 1024w, http:\/\/caniskol.fr\/wp-content\/uploads\/2025\/05\/IMG_2429-768x512.jpg 768w, http:\/\/caniskol.fr\/wp-content\/uploads\/2025\/05\/IMG_2429-1536x1024.jpg 1536w, http:\/\/caniskol.fr\/wp-content\/uploads\/2025\/05\/IMG_2429-2048x1365.jpg 2048w\" sizes=\"(max-width: 2560px) 100vw, 2560px\" \/><\/a><\/figure><\/li><li class=\"blocks-gallery-item\"><figure><a href=\"http:\/\/caniskol.fr\/wp-content\/uploads\/2025\/05\/IMG_2440-scaled.jpg\"><img loading=\"lazy\" width=\"2560\" height=\"1707\" src=\"http:\/\/caniskol.fr\/wp-content\/uploads\/2025\/05\/IMG_2440-scaled.jpg\" alt=\"piscine patt'eau joie caniskol\" data-id=\"4848\" data-link=\"http:\/\/caniskol.fr\/index.php\/loisirs-canins\/patteau-joie\/img_2440\/\" class=\"wp-image-4848\" srcset=\"http:\/\/caniskol.fr\/wp-content\/uploads\/2025\/05\/IMG_2440-scaled.jpg 2560w, http:\/\/caniskol.fr\/wp-content\/uploads\/2025\/05\/IMG_2440-300x200.jpg 300w, http:\/\/caniskol.fr\/wp-content\/uploads\/2025\/05\/IMG_2440-1024x683.jpg 1024w, http:\/\/caniskol.fr\/wp-content\/uploads\/2025\/05\/IMG_2440-768x512.jpg 768w, http:\/\/caniskol.fr\/wp-content\/uploads\/2025\/05\/IMG_2440-1536x1024.jpg 1536w, http:\/\/caniskol.fr\/wp-content\/uploads\/2025\/05\/IMG_2440-2048x1365.jpg 2048w\" sizes=\"(max-width: 2560px) 100vw, 2560px\" \/><\/a><\/figure><\/li><li class=\"blocks-gallery-item\"><figure><a href=\"http:\/\/caniskol.fr\/wp-content\/uploads\/2025\/05\/IMG_2418-scaled.jpg\"><img loading=\"lazy\" width=\"1707\" height=\"2560\" src=\"http:\/\/caniskol.fr\/wp-content\/uploads\/2025\/05\/IMG_2418-scaled.jpg\" alt=\"\" data-id=\"4851\" data-link=\"http:\/\/caniskol.fr\/index.php\/loisirs-canins\/patteau-joie\/img_2418\/\" class=\"wp-image-4851\" srcset=\"http:\/\/caniskol.fr\/wp-content\/uploads\/2025\/05\/IMG_2418-scaled.jpg 1707w, http:\/\/caniskol.fr\/wp-content\/uploads\/2025\/05\/IMG_2418-200x300.jpg 200w, http:\/\/caniskol.fr\/wp-content\/uploads\/2025\/05\/IMG_2418-683x1024.jpg 683w, http:\/\/caniskol.fr\/wp-content\/uploads\/2025\/05\/IMG_2418-768x1152.jpg 768w, http:\/\/caniskol.fr\/wp-content\/uploads\/2025\/05\/IMG_2418-1024x1536.jpg 1024w, http:\/\/caniskol.fr\/wp-content\/uploads\/2025\/05\/IMG_2418-1365x2048.jpg 1365w\" sizes=\"(max-width: 1707px) 100vw, 1707px\" \/><\/a><\/figure><\/li><li class=\"blocks-gallery-item\"><figure><a href=\"http:\/\/caniskol.fr\/wp-content\/uploads\/2025\/05\/IMG_2436-scaled.jpg\"><img loading=\"lazy\" width=\"1707\" height=\"2560\" src=\"http:\/\/caniskol.fr\/wp-content\/uploads\/2025\/05\/IMG_2436-scaled.jpg\" alt=\"\" data-id=\"4853\" data-link=\"http:\/\/caniskol.fr\/index.php\/loisirs-canins\/patteau-joie\/img_2436\/\" class=\"wp-image-4853\" srcset=\"http:\/\/caniskol.fr\/wp-content\/uploads\/2025\/05\/IMG_2436-scaled.jpg 1707w, http:\/\/caniskol.fr\/wp-content\/uploads\/2025\/05\/IMG_2436-200x300.jpg 200w, http:\/\/caniskol.fr\/wp-content\/uploads\/2025\/05\/IMG_2436-683x1024.jpg 683w, http:\/\/caniskol.fr\/wp-content\/uploads\/2025\/05\/IMG_2436-768x1152.jpg 768w, http:\/\/caniskol.fr\/wp-content\/uploads\/2025\/05\/IMG_2436-1024x1536.jpg 1024w, http:\/\/caniskol.fr\/wp-content\/uploads\/2025\/05\/IMG_2436-1365x2048.jpg 1365w\" sizes=\"(max-width: 1707px) 100vw, 1707px\" \/><\/a><\/figure><\/li><li class=\"blocks-gallery-item\"><figure><a href=\"http:\/\/caniskol.fr\/wp-content\/uploads\/2025\/05\/IMG_2435-scaled.jpg\"><img loading=\"lazy\" width=\"1707\" height=\"2560\" src=\"http:\/\/caniskol.fr\/wp-content\/uploads\/2025\/05\/IMG_2435-scaled.jpg\" alt=\"\" data-id=\"4852\" data-link=\"http:\/\/caniskol.fr\/index.php\/loisirs-canins\/patteau-joie\/img_2435\/\" class=\"wp-image-4852\" srcset=\"http:\/\/caniskol.fr\/wp-content\/uploads\/2025\/05\/IMG_2435-scaled.jpg 1707w, http:\/\/caniskol.fr\/wp-content\/uploads\/2025\/05\/IMG_2435-200x300.jpg 200w, http:\/\/caniskol.fr\/wp-content\/uploads\/2025\/05\/IMG_2435-683x1024.jpg 683w, http:\/\/caniskol.fr\/wp-content\/uploads\/2025\/05\/IMG_2435-768x1152.jpg 768w, http:\/\/caniskol.fr\/wp-content\/uploads\/2025\/05\/IMG_2435-1024x1536.jpg 1024w, http:\/\/caniskol.fr\/wp-content\/uploads\/2025\/05\/IMG_2435-1365x2048.jpg 1365w\" sizes=\"(max-width: 1707px) 100vw, 1707px\" \/><\/a><\/figure><\/li><li class=\"blocks-gallery-item\"><figure><a href=\"http:\/\/caniskol.fr\/wp-content\/uploads\/2025\/05\/IMG_2443-scaled.jpg\"><img loading=\"lazy\" width=\"2560\" height=\"1707\" src=\"http:\/\/caniskol.fr\/wp-content\/uploads\/2025\/05\/IMG_2443-scaled.jpg\" alt=\"\" data-id=\"4897\" data-link=\"http:\/\/caniskol.fr\/index.php\/loisirs-canins\/patteau-joie\/img_2443\/\" class=\"wp-image-4897\" srcset=\"http:\/\/caniskol.fr\/wp-content\/uploads\/2025\/05\/IMG_2443-scaled.jpg 2560w, http:\/\/caniskol.fr\/wp-content\/uploads\/2025\/05\/IMG_2443-300x200.jpg 300w, http:\/\/caniskol.fr\/wp-content\/uploads\/2025\/05\/IMG_2443-1024x683.jpg 1024w, http:\/\/caniskol.fr\/wp-content\/uploads\/2025\/05\/IMG_2443-768x512.jpg 768w, http:\/\/caniskol.fr\/wp-content\/uploads\/2025\/05\/IMG_2443-1536x1024.jpg 1536w, http:\/\/caniskol.fr\/wp-content\/uploads\/2025\/05\/IMG_2443-2048x1365.jpg 2048w\" sizes=\"(max-width: 2560px) 100vw, 2560px\" \/><\/a><\/figure><\/li><li class=\"blocks-gallery-item\"><figure><a href=\"http:\/\/caniskol.fr\/wp-content\/uploads\/2025\/05\/IMG_2449-scaled.jpg\"><img loading=\"lazy\" width=\"2560\" height=\"1707\" src=\"http:\/\/caniskol.fr\/wp-content\/uploads\/2025\/05\/IMG_2449-scaled.jpg\" alt=\"\" data-id=\"4898\" data-link=\"http:\/\/caniskol.fr\/index.php\/loisirs-canins\/patteau-joie\/img_2449\/\" class=\"wp-image-4898\" srcset=\"http:\/\/caniskol.fr\/wp-content\/uploads\/2025\/05\/IMG_2449-scaled.jpg 2560w, http:\/\/caniskol.fr\/wp-content\/uploads\/2025\/05\/IMG_2449-300x200.jpg 300w, http:\/\/caniskol.fr\/wp-content\/uploads\/2025\/05\/IMG_2449-1024x683.jpg 1024w, http:\/\/caniskol.fr\/wp-content\/uploads\/2025\/05\/IMG_2449-768x512.jpg 768w, http:\/\/caniskol.fr\/wp-content\/uploads\/2025\/05\/IMG_2449-1536x1024.jpg 1536w, http:\/\/caniskol.fr\/wp-content\/uploads\/2025\/05\/IMG_2449-2048x1365.jpg 2048w\" sizes=\"(max-width: 2560px) 100vw, 2560px\" \/><\/a><\/figure><\/li><li class=\"blocks-gallery-item\"><figure><a href=\"http:\/\/caniskol.fr\/wp-content\/uploads\/2025\/05\/IMG_2456-scaled.jpg\"><img loading=\"lazy\" width=\"2560\" height=\"1707\" src=\"http:\/\/caniskol.fr\/wp-content\/uploads\/2025\/05\/IMG_2456-scaled.jpg\" alt=\"\" data-id=\"4900\" data-link=\"http:\/\/caniskol.fr\/index.php\/loisirs-canins\/patteau-joie\/img_2456-2\/\" class=\"wp-image-4900\" srcset=\"http:\/\/caniskol.fr\/wp-content\/uploads\/2025\/05\/IMG_2456-scaled.jpg 2560w, http:\/\/caniskol.fr\/wp-content\/uploads\/2025\/05\/IMG_2456-300x200.jpg 300w, http:\/\/caniskol.fr\/wp-content\/uploads\/2025\/05\/IMG_2456-1024x683.jpg 1024w, http:\/\/caniskol.fr\/wp-content\/uploads\/2025\/05\/IMG_2456-768x512.jpg 768w, http:\/\/caniskol.fr\/wp-content\/uploads\/2025\/05\/IMG_2456-1536x1024.jpg 1536w, http:\/\/caniskol.fr\/wp-content\/uploads\/2025\/05\/IMG_2456-2048x1365.jpg 2048w\" sizes=\"(max-width: 2560px) 100vw, 2560px\" \/><\/a><\/figure><\/li><li class=\"blocks-gallery-item\"><figure><a href=\"http:\/\/caniskol.fr\/wp-content\/uploads\/2025\/05\/IMG_2469-1-scaled.jpg\"><img loading=\"lazy\" width=\"2560\" height=\"1707\" src=\"http:\/\/caniskol.fr\/wp-content\/uploads\/2025\/05\/IMG_2469-1-scaled.jpg\" alt=\"\" data-id=\"4907\" data-link=\"http:\/\/caniskol.fr\/index.php\/loisirs-canins\/patteau-joie\/img_2469-1\/\" class=\"wp-image-4907\" srcset=\"http:\/\/caniskol.fr\/wp-content\/uploads\/2025\/05\/IMG_2469-1-scaled.jpg 2560w, http:\/\/caniskol.fr\/wp-content\/uploads\/2025\/05\/IMG_2469-1-300x200.jpg 300w, http:\/\/caniskol.fr\/wp-content\/uploads\/2025\/05\/IMG_2469-1-1024x683.jpg 1024w, http:\/\/caniskol.fr\/wp-content\/uploads\/2025\/05\/IMG_2469-1-768x512.jpg 768w, http:\/\/caniskol.fr\/wp-content\/uploads\/2025\/05\/IMG_2469-1-1536x1024.jpg 1536w, http:\/\/caniskol.fr\/wp-content\/uploads\/2025\/05\/IMG_2469-1-2048x1365.jpg 2048w\" sizes=\"(max-width: 2560px) 100vw, 2560px\" \/><\/a><\/figure><\/li><li class=\"blocks-gallery-item\"><figure><a href=\"http:\/\/caniskol.fr\/wp-content\/uploads\/2025\/05\/IMG_2458-scaled.jpg\"><img loading=\"lazy\" width=\"2560\" height=\"1707\" src=\"http:\/\/caniskol.fr\/wp-content\/uploads\/2025\/05\/IMG_2458-scaled.jpg\" alt=\"\" data-id=\"4901\" data-link=\"http:\/\/caniskol.fr\/index.php\/loisirs-canins\/patteau-joie\/img_2458\/\" class=\"wp-image-4901\" srcset=\"http:\/\/caniskol.fr\/wp-content\/uploads\/2025\/05\/IMG_2458-scaled.jpg 2560w, http:\/\/caniskol.fr\/wp-content\/uploads\/2025\/05\/IMG_2458-300x200.jpg 300w, http:\/\/caniskol.fr\/wp-content\/uploads\/2025\/05\/IMG_2458-1024x683.jpg 1024w, http:\/\/caniskol.fr\/wp-content\/uploads\/2025\/05\/IMG_2458-768x512.jpg 768w, http:\/\/caniskol.fr\/wp-content\/uploads\/2025\/05\/IMG_2458-1536x1024.jpg 1536w, http:\/\/caniskol.fr\/wp-content\/uploads\/2025\/05\/IMG_2458-2048x1365.jpg 2048w\" sizes=\"(max-width: 2560px) 100vw, 2560px\" \/><\/a><\/figure><\/li><li class=\"blocks-gallery-item\"><figure><a href=\"http:\/\/caniskol.fr\/wp-content\/uploads\/2025\/05\/IMG_2477-scaled.jpg\"><img loading=\"lazy\" width=\"2560\" height=\"1707\" src=\"http:\/\/caniskol.fr\/wp-content\/uploads\/2025\/05\/IMG_2477-scaled.jpg\" alt=\"\" data-id=\"4908\" data-full-url=\"http:\/\/caniskol.fr\/wp-content\/uploads\/2025\/05\/IMG_2477-scaled.jpg\" data-link=\"http:\/\/caniskol.fr\/index.php\/loisirs-canins\/patteau-joie\/img_2477\/\" class=\"wp-image-4908\" srcset=\"http:\/\/caniskol.fr\/wp-content\/uploads\/2025\/05\/IMG_2477-scaled.jpg 2560w, http:\/\/caniskol.fr\/wp-content\/uploads\/2025\/05\/IMG_2477-300x200.jpg 300w, http:\/\/caniskol.fr\/wp-content\/uploads\/2025\/05\/IMG_2477-1024x683.jpg 1024w, http:\/\/caniskol.fr\/wp-content\/uploads\/2025\/05\/IMG_2477-768x512.jpg 768w, http:\/\/caniskol.fr\/wp-content\/uploads\/2025\/05\/IMG_2477-1536x1024.jpg 1536w, http:\/\/caniskol.fr\/wp-content\/uploads\/2025\/05\/IMG_2477-2048x1365.jpg 2048w\" sizes=\"(max-width: 2560px) 100vw, 2560px\" \/><\/a><\/figure><\/li><li class=\"blocks-gallery-item\"><figure><a href=\"http:\/\/caniskol.fr\/wp-content\/uploads\/2025\/05\/IMG_2465-scaled.jpg\"><img loading=\"lazy\" width=\"1707\" height=\"2560\" src=\"http:\/\/caniskol.fr\/wp-content\/uploads\/2025\/05\/IMG_2465-scaled.jpg\" alt=\"\" data-id=\"4905\" data-link=\"http:\/\/caniskol.fr\/index.php\/loisirs-canins\/patteau-joie\/img_2465\/\" class=\"wp-image-4905\" srcset=\"http:\/\/caniskol.fr\/wp-content\/uploads\/2025\/05\/IMG_2465-scaled.jpg 1707w, http:\/\/caniskol.fr\/wp-content\/uploads\/2025\/05\/IMG_2465-200x300.jpg 200w, http:\/\/caniskol.fr\/wp-content\/uploads\/2025\/05\/IMG_2465-683x1024.jpg 683w, http:\/\/caniskol.fr\/wp-content\/uploads\/2025\/05\/IMG_2465-768x1152.jpg 768w, http:\/\/caniskol.fr\/wp-content\/uploads\/2025\/05\/IMG_2465-1024x1536.jpg 1024w, http:\/\/caniskol.fr\/wp-content\/uploads\/2025\/05\/IMG_2465-1365x2048.jpg 1365w\" sizes=\"(max-width: 1707px) 100vw, 1707px\" \/><\/a><\/figure><\/li><li class=\"blocks-gallery-item\"><figure><a href=\"http:\/\/caniskol.fr\/wp-content\/uploads\/2025\/05\/IMG_2452-scaled.jpg\"><img loading=\"lazy\" width=\"1707\" height=\"2560\" src=\"http:\/\/caniskol.fr\/wp-content\/uploads\/2025\/05\/IMG_2452-scaled.jpg\" alt=\"\" data-id=\"4906\" data-link=\"http:\/\/caniskol.fr\/index.php\/loisirs-canins\/patteau-joie\/img_2452\/\" class=\"wp-image-4906\" srcset=\"http:\/\/caniskol.fr\/wp-content\/uploads\/2025\/05\/IMG_2452-scaled.jpg 1707w, http:\/\/caniskol.fr\/wp-content\/uploads\/2025\/05\/IMG_2452-200x300.jpg 200w, http:\/\/caniskol.fr\/wp-content\/uploads\/2025\/05\/IMG_2452-683x1024.jpg 683w, http:\/\/caniskol.fr\/wp-content\/uploads\/2025\/05\/IMG_2452-768x1152.jpg 768w, http:\/\/caniskol.fr\/wp-content\/uploads\/2025\/05\/IMG_2452-1024x1536.jpg 1024w, http:\/\/caniskol.fr\/wp-content\/uploads\/2025\/05\/IMG_2452-1365x2048.jpg 1365w\" sizes=\"(max-width: 1707px) 100vw, 1707px\" \/><\/a><\/figure><\/li><\/ul><\/figure>\n","protected":false},"excerpt":{"rendered":"<p>Proposez un moment de baignade \u00e0 vos poilus en participant \u00e0 l&rsquo;activit\u00e9 \u00ab\u00a0Patt&rsquo;Eau Joie\u00a0\u00bb Pourquoi \u00e0 venir \u00e0 la Patt&rsquo;Eau Joie ? Moment de d\u00e9tente, de fun, de partage, de rigolade,Parcours ludique,Fini le stress des cyanobact\u00e9ries,D\u00e9sensibiliser votre chien qui a peur de l&rsquo;eau, qui appr\u00e9hende de se baigner, nager,Hauteur d&rsquo;eau environ 40cm, bassin 6m x&#8230; <\/p>\n<div class=\"read-more\"><a href=\"http:\/\/caniskol.fr\/index.php\/loisirs-canins\/patteau-joie\/\">Lire la suite<\/a><\/div>\n","protected":false},"author":1,"featured_media":0,"parent":3188,"menu_order":5,"comment_status":"closed","ping_status":"closed","template":"","meta":[],"_links":{"self":[{"href":"http:\/\/caniskol.fr\/index.php\/wp-json\/wp\/v2\/pages\/4808"}],"collection":[{"href":"http:\/\/caniskol.fr\/index.php\/wp-json\/wp\/v2\/pages"}],"about":[{"href":"http:\/\/caniskol.fr\/index.php\/wp-json\/wp\/v2\/types\/page"}],"author":[{"embeddable":true,"href":"http:\/\/caniskol.fr\/index.php\/wp-json\/wp\/v2\/users\/1"}],"replies":[{"embeddable":true,"href":"http:\/\/caniskol.fr\/index.php\/wp-json\/wp\/v2\/comments?post=4808"}],"version-history":[{"count":35,"href":"http:\/\/caniskol.fr\/index.php\/wp-json\/wp\/v2\/pages\/4808\/revisions"}],"predecessor-version":[{"id":4910,"href":"http:\/\/caniskol.fr\/index.php\/wp-json\/wp\/v2\/pages\/4808\/revisions\/4910"}],"up":[{"embeddable":true,"href":"http:\/\/caniskol.fr\/index.php\/wp-json\/wp\/v2\/pages\/3188"}],"wp:attachment":[{"href":"http:\/\/caniskol.fr\/index.php\/wp-json\/wp\/v2\/media?parent=4808"}],"curies":[{"name":"wp","href":"https:\/\/api.w.org\/{rel}","templated":true}]}}